{"id":800,"date":"2024-02-07T21:26:23","date_gmt":"2024-02-07T19:26:23","guid":{"rendered":"https:\/\/graziskiugimnazija.lt\/?page_id=800"},"modified":"2026-04-07T08:33:10","modified_gmt":"2026-04-07T06:33:10","slug":"veiklos-dokumentai","status":"publish","type":"page","link":"https:\/\/graziskiugimnazija.lt\/?page_id=800","title":{"rendered":"TEIS\u0116S AKTAI"},"content":{"rendered":"\n<hr class=\"wp-block-separator has-alpha-channel-opacity is-style-wide\"\/>\n\n\n\n<div class=\"wp-block-file\"><a id=\"wp-block-file--media-af336c15-c1f2-4fa1-a477-ed91a845a2c2\" href=\"https:\/\/graziskiugimnazija.lt\/wp-content\/uploads\/2025\/10\/Mokiniu-asmeniniu-mobiliuju-telefonu-naudojimo-tvarka.pdf\" target=\"_blank\" rel=\"noreferrer noopener\">Mokini\u0173 asmenini\u0173 mobili\u0173j\u0173 telefon\u0173 naudojimo tvarka<\/a><\/div>\n\n\n\n<div class=\"wp-block-file\"><a id=\"wp-block-file--media-ac82af9b-e0f6-47e3-9829-077d34b03463\" href=\"https:\/\/graziskiugimnazija.lt\/wp-content\/uploads\/2024\/03\/V.M-23-Del-Vilkaviskio-r.-Graziskiu-gimnazijos-elektroninio-dienyno-tvarkymo-nuostatu-tvirtinimo.pdf\" target=\"_blank\" rel=\"noreferrer noopener\">Elektroninio dienyno tvarkymo nuostatai<\/a><\/div>\n\n\n\n<div class=\"wp-block-file\"><a id=\"wp-block-file--media-29e6039e-a80d-491d-8764-15303b593b52\" href=\"https:\/\/graziskiugimnazija.lt\/wp-content\/uploads\/2025\/06\/Smurto-ir-priekabiavimo-prevencijos-politika.pdf\" target=\"_blank\" rel=\"noreferrer noopener\">Smurto ir priekabiavimo prevencijos politika<\/a><\/div>\n\n\n\n<div class=\"wp-block-file\"><a id=\"wp-block-file--media-d8821fb7-8aa5-4d65-be48-7d228e41070b\" href=\"https:\/\/graziskiugimnazija.lt\/wp-content\/uploads\/2024\/02\/DARBO-APMOKEJIMO-SISTEMA.pdf\" target=\"_blank\" rel=\"noreferrer noopener\">Darbo apmok\u0117jimo sistema<\/a><\/div>\n\n\n\n<div class=\"wp-block-file\"><a id=\"wp-block-file--media-ec91f34b-a58e-44d6-83e1-982c086c7054\" href=\"https:\/\/graziskiugimnazija.lt\/wp-content\/uploads\/2024\/02\/DARBUOTOJU-KOMUNIKAVIMO-ELEKTRONINIU-PASTU-TAISYKLES.pdf\" target=\"_blank\" rel=\"noreferrer noopener\">Darbuotoj\u0173 komunikavimo elektroniniu pa\u0161tu taisykl\u0117s<\/a><\/div>\n\n\n\n<div class=\"wp-block-file\"><a id=\"wp-block-file--media-ab5ff326-6ceb-4506-8430-3c6089e646cd\" href=\"https:\/\/graziskiugimnazija.lt\/wp-content\/uploads\/2024\/02\/Ekstremaliuju-situaciju-valdymo-plano-atnaujinimas.pdf\" target=\"_blank\" rel=\"noreferrer noopener\">Ekstremali\u0173j\u0173 situacij\u0173 valdymo plano atnaujinimas<\/a><\/div>\n\n\n\n<div class=\"wp-block-file\"><a id=\"wp-block-file--media-9c2c4338-b0dc-4c0d-8f31-bd69b1b1e1ee\" href=\"https:\/\/graziskiugimnazija.lt\/wp-content\/uploads\/2025\/04\/Vilkaviskio-r.-Graziskiu-gimnazijos-mokiniu-elgesio-taisykles.pdf\" target=\"_blank\" rel=\"noreferrer noopener\">Vilkavi\u0161kio r. Gra\u017ei\u0161ki\u0173 gimnazijos mokini\u0173 elgesio taisykl\u0117s<\/a><\/div>\n\n\n\n<div class=\"wp-block-file\"><a id=\"wp-block-file--media-16a30aa0-199d-4f7e-8b11-8d7ea2f8232e\" href=\"https:\/\/graziskiugimnazija.lt\/wp-content\/uploads\/2024\/02\/VIDAUS-IR-DARBO-TVARKOS-TAISYKLES-1.pdf\" target=\"_blank\" rel=\"noreferrer noopener\">Vilkavi\u0161kio r. Gra\u017ei\u0161ki\u0173 gimnazijos vidaus ir darbo tvarkos taisykl\u0117s<\/a><\/div>\n\n\n\n<div class=\"wp-block-file\"><a id=\"wp-block-file--media-921eb651-ca3f-441a-9c6c-d7a091789806\" href=\"https:\/\/graziskiugimnazija.lt\/wp-content\/uploads\/2025\/06\/Ekstremaliuju-situaciju-prevencijos-priemoniu-2025\u20132027-m.-planas.pdf\" target=\"_blank\" rel=\"noreferrer noopener\">Ekstremali\u0173j\u0173 situacij\u0173 prevencijos priemoni\u0173 planas 2025\u20132027 m. <\/a><\/div>\n\n\n\n<div class=\"wp-block-file\"><a id=\"wp-block-file--media-33a71968-c6f3-4ffb-8f6e-1731bb928d6c\" href=\"http:\/\/graziskiugimnazija.lt\/wp-content\/uploads\/2025\/11\/Vilkaviskio-r.-Graziskiu-gimnazijos-ikimokyklinio-ugdymo-programa.pdf\" target=\"_blank\" rel=\"noreferrer noopener\">Vilkavi\u0161kio r. Gra\u017ei\u0161ki\u0173 gimnazijos ikimokyklinio ugdymo programa<\/a><\/div>\n\n\n\n<div class=\"wp-block-file\"><a id=\"wp-block-file--media-17ca91f6-2bdc-4a51-9291-cc06c337d667\" href=\"http:\/\/graziskiugimnazija.lt\/wp-content\/uploads\/2025\/12\/Priesmokyklinio-ugdymo-bendroji-programa.pdf\" target=\"_blank\" rel=\"noreferrer noopener\">Prie\u0161mokyklinio ugdymo bendroji programa<\/a><\/div>\n\n\n\n<hr class=\"wp-block-separator has-alpha-channel-opacity is-style-wide\"\/>\n\n\n\n<h2 class=\"wp-block-heading\">TVARKOS APRA\u0160AI<\/h2>\n\n\n\n<div class=\"wp-block-file\"><a id=\"wp-block-file--media-817f991a-a74c-4080-85f6-949fcb970699\" href=\"https:\/\/graziskiugimnazija.lt\/wp-content\/uploads\/2026\/04\/Vilkaviskio-r.-Graziskiu-gimnazijos-mokiniu-uniformos-devejimo-tvarkos-aprasas.pdf\" target=\"_blank\" rel=\"noreferrer noopener\">Vilkavi\u0161kio r. Gra\u017ei\u0161ki\u0173 gimnazijos mokini\u0173 uniformos d\u0117v\u0117jimo tvarkos apra\u0161as<\/a><\/div>\n\n\n\n<div class=\"wp-block-file\"><a id=\"wp-block-file--media-60195cae-aaf4-4f54-835c-84a628100cbb\" href=\"https:\/\/graziskiugimnazija.lt\/wp-content\/uploads\/2024\/02\/Dokumentu-valdymo-tvarkos-aprasas.pdf\" target=\"_blank\" rel=\"noreferrer noopener\">Dokument\u0173 valdymo tvarkos apra\u0161as<\/a><\/div>\n\n\n\n<div class=\"wp-block-file\"><a id=\"wp-block-file--media-467febdc-f017-46f0-9b42-80959be08684\" href=\"https:\/\/graziskiugimnazija.lt\/wp-content\/uploads\/2024\/02\/IRENGTU-VAIZDO-STEBEJIMO-KAMERU-NAUDOJIMO-IR-VAIZDO-DUOMENU-TVARKYMO-TVARKOS-APRASAS.pdf\" target=\"_blank\" rel=\"noreferrer noopener\">\u012erengt\u0173 vaizdo steb\u0117jimo kamer\u0173 naudojimo ir vaizdo duomen\u0173 tvarkymo tvarkos apra\u0161as<\/a><\/div>\n\n\n\n<div class=\"wp-block-file\"><a id=\"wp-block-file--media-81099867-30ef-4f91-880c-4c87422200f1\" href=\"https:\/\/graziskiugimnazija.lt\/wp-content\/uploads\/2025\/06\/Nr.-B-MP-247-2025-04-08-Del-priemimo-i-Vilkaviskio-rajono-savivaldybes-ben.-1-1.pdf\" target=\"_blank\" rel=\"noreferrer noopener\">Pri\u0117mimo \u012f Vilkavi\u0161kio rajono savivaldyb\u0117s bendrojo ugdymo ir ikimokyklinio ugdymo mokyklas tvarkos apra\u0161as<\/a><\/div>\n\n\n\n<div class=\"wp-block-file\"><a id=\"wp-block-file--media-6816e0db-6a9e-419b-b186-a4e6f523b955\" href=\"https:\/\/graziskiugimnazija.lt\/wp-content\/uploads\/2025\/01\/Mokiniu-mokymosi-pasiekimu-vertinimo-ir-vertinimo-rezultatu-panaudojimo-tvarkos-aprasas.pdf\" target=\"_blank\" rel=\"noreferrer noopener\">Mokini\u0173 mokymosi pasiekim\u0173 vertinimo ir vertinimo rezultat\u0173 panaudojimo tvarkos apra\u0161as<\/a><\/div>\n\n\n\n<div class=\"wp-block-file\"><a id=\"wp-block-file--media-066eb636-1f09-404c-aa37-f3f9a5514032\" href=\"https:\/\/graziskiugimnazija.lt\/wp-content\/uploads\/2025\/10\/Mokiniu-vezimo-mokykliniais-autobusais-tvarkos-aprasas-1.pdf\" target=\"_blank\" rel=\"noreferrer noopener\">Mokini\u0173 ve\u017eimo mokykliniais autobusais tvarkos apra\u0161as<\/a><\/div>\n\n\n\n<div class=\"wp-block-file\"><a id=\"wp-block-file--media-e3947e1f-4f5c-4708-a7e2-a805f2e13fca\" href=\"https:\/\/graziskiugimnazija.lt\/wp-content\/uploads\/2024\/10\/V.M-108-Del-mokiniu-isleidimo-is-gimnazijos-tvarkos-apraso-tvirtinimo-1.pdf\">Mokini\u0173 i\u0161leidimo i\u0161 gimnazijos tvarkos apra\u0161as<\/a><\/div>\n\n\n\n<div class=\"wp-block-file\"><a id=\"wp-block-file--media-21891702-5485-4348-aa57-7c8c15e5e0d4\" href=\"https:\/\/graziskiugimnazija.lt\/wp-content\/uploads\/2025\/02\/Vilkaviskio-r.-Graziskiu-gimnazijos-lygiu-galimybiu-politikos-igyvendinimo-ir-vykdymo-prieziuros-tvarkos-aprasas.pdf\" target=\"_blank\" rel=\"noreferrer noopener\">Vilkavi\u0161kio r. Gra\u017ei\u0161ki\u0173 gimnazijos lygi\u0173 galimybi\u0173 politikos \u012fgyvendinimo ir vykdymo prie\u017ei\u016bros tvarkos apra\u0161as<\/a><\/div>\n\n\n\n<div class=\"wp-block-file\"><a id=\"wp-block-file--media-b2d1dfd9-1eed-4bf1-b0b2-1c0c7998e84f\" href=\"https:\/\/graziskiugimnazija.lt\/wp-content\/uploads\/2025\/02\/Vidiniu-informacijos-apie-pazeidimus-teikimo-kanalu-idiegimo-ir-ju-funkcionavimo-uztikrinimo-tvarkos-aprasas-1.pdf\" target=\"_blank\" rel=\"noreferrer noopener\">Vidini\u0173 informacijos apie pa\u017eeidimus teikimo kanal\u0173 \u012fdiegimo ir j\u0173 funkcionavimo u\u017etikrinimo tvarkos apra\u0161as <\/a><\/div>\n\n\n\n<div class=\"wp-block-file\"><a id=\"wp-block-file--media-110cb844-368f-4e56-bf83-c76145aab639\" href=\"https:\/\/graziskiugimnazija.lt\/wp-content\/uploads\/2025\/03\/Ugdymo-ne-mokyklos-aplinkose-organizavimo-aprasas.pdf\" target=\"_blank\" rel=\"noreferrer noopener\">Ugdymo ne mokyklos aplinkose organizavimo tvarkos apra\u0161as<\/a><\/div>\n\n\n\n<div class=\"wp-block-file\"><a id=\"wp-block-file--media-b7c55e1b-da51-43db-b286-f807dc688bd7\" href=\"https:\/\/graziskiugimnazija.lt\/wp-content\/uploads\/2025\/06\/Vilkaviskio-r.-Graziskiu-gimnazijos-zaidimo-aiksteliu-irenginiu-statiniu-technines-prieziuros-tvarkos-aprasas.pdf\" target=\"_blank\" rel=\"noreferrer noopener\">Vilkavi\u0161kio r. Gra\u017ei\u0161ki\u0173 gimnazijos \u017eaidimo aik\u0161teli\u0173 \u012frengini\u0173, statini\u0173 technin\u0117s prie\u017ei\u016bros tvarkos apra\u0161as<\/a><\/div>\n\n\n\n<div class=\"wp-block-file\"><a id=\"wp-block-file--media-0c9d9f7d-0de3-4019-a69a-7008bf8de483\" href=\"https:\/\/graziskiugimnazija.lt\/wp-content\/uploads\/2025\/06\/Vilkaviskio-r.-Graziskiu-gimnazijos-socialines-pilietines-veiklos-organizavimo-aprasas-1.pdf\" target=\"_blank\" rel=\"noreferrer noopener\">Vilkavi\u0161kio r. Gra\u017ei\u0161ki\u0173 gimnazijos socialin\u0117s-pilietin\u0117s veiklos organizavimo tvarkos apra\u0161as<\/a><\/div>\n\n\n\n<div class=\"wp-block-file\"><a id=\"wp-block-file--media-7d2343ae-95fd-44fa-a296-e547d2da705b\" href=\"https:\/\/graziskiugimnazija.lt\/wp-content\/uploads\/2025\/06\/Vilkaviskio-r.-Graziskiu-gimnazijos-mokykliniu-autobusu-naudojimo-tvarkos-aprasas.pdf\" target=\"_blank\" rel=\"noreferrer noopener\">Vilkavi\u0161kio r. Gra\u017ei\u0161ki\u0173 gimnazijos mokyklini\u0173 autobus\u0173 naudojimo tvarkos apra\u0161as<\/a><\/div>\n\n\n\n<div class=\"wp-block-file\"><a id=\"wp-block-file--media-d66b3b6d-96cc-4d3e-bc50-7111e7267548\" href=\"http:\/\/graziskiugimnazija.lt\/wp-content\/uploads\/2025\/11\/Atlyginimo-dydzio-nustatymo-uz-vaiku-ugdomu-pagal-ikimokyklinio-ir-priesmokyklinio-ugdymo-programas-islaikyma-Vilkaviskio-rajono-savivaldybes-svietimo-istaigose-tvarkos-aprasas.pdf\" target=\"_blank\" rel=\"noreferrer noopener\">Atlyginimo dyd\u017eio nustatymo u\u017e vaik\u0173, ugdom\u0173 pagal&nbsp;ikimokyklinio ir prie\u0161mokyklinio ugdymo programas, i\u0161laikym\u0105&nbsp;Vilkavi\u0161kio rajono savivaldyb\u0117s \u0161vietimo \u012fstaigose tvarkos apra\u0161as<\/a><\/div>\n\n\n\n<div class=\"wp-block-file\"><a id=\"wp-block-file--media-7aa88bf0-2640-4002-bac0-a1a9ae48e534\" href=\"http:\/\/graziskiugimnazija.lt\/wp-content\/uploads\/2025\/11\/Vilkaviskio-r.-Graziskiu-gimnazijos-priesmokyklinio-ugdymo-tvarkos-aprasas-2025-2026-m.-m.pdf\" target=\"_blank\" rel=\"noreferrer noopener\">Vilkavi\u0161kio r. Gra\u017ei\u0161ki\u0173 gimnazijos prie\u0161mokyklinio ugdymo tvarkos apra\u0161as 2025-2026 m. m.<\/a><\/div>\n\n\n\n<div class=\"wp-block-file\"><a id=\"wp-block-file--media-cafe970c-55e3-49fd-bdbf-64eb55c9b805\" href=\"http:\/\/graziskiugimnazija.lt\/wp-content\/uploads\/2025\/11\/Vilkaviskio-r.-Graziskiu-gimnazijos-Bartninku-Jono-Basanaviciaus-skyriaus-priesmokyklinio-ugdymo-tvarkos-aprasas-2025-2026-m.-m.pdf\" target=\"_blank\" rel=\"noreferrer noopener\">Vilkavi\u0161kio r. Gra\u017ei\u0161ki\u0173 gimnazijos Bartnink\u0173 Jono Basanavi\u010diaus skyriaus prie\u0161mokyklinio ugdymo tvarkos apra\u0161as 2025-2026 m. m.<\/a><\/div>\n\n\n\n<div class=\"wp-block-file\"><a id=\"wp-block-file--media-d4a30be0-907d-4c9f-9ec0-6fd0ae242c7b\" href=\"http:\/\/graziskiugimnazija.lt\/wp-content\/uploads\/2025\/11\/Pailgintos-mokymosi-dienos-grupes-veiklos-organizavimo-tvarkos-aprasas1.pdf\" target=\"_blank\" rel=\"noreferrer noopener\">Pailgintos mokymosi dienos grup\u0117s veiklos organizavimo tvarkos apra\u0161as<\/a><\/div>\n\n\n\n<hr class=\"wp-block-separator has-alpha-channel-opacity is-style-wide\"\/>\n\n\n\n<p class=\"has-small-font-size\"><em>Informacija atnaujinta: 2025-03-26<\/em><\/p>\n\n\n\n<p><\/p>\n","protected":false},"excerpt":{"rendered":"<p>TVARKOS APRA\u0160AI Informacija atnaujinta: 2025-03-26<\/p>\n","protected":false},"author":1,"featured_media":0,"parent":0,"menu_order":0,"comment_status":"closed","ping_status":"closed","template":"","meta":{"om_disable_all_campaigns":false,"_monsterinsights_skip_tracking":false,"_monsterinsights_sitenote_active":false,"_monsterinsights_sitenote_note":"","_monsterinsights_sitenote_category":0,"ngg_post_thumbnail":0,"footnotes":""},"class_list":["post-800","page","type-page","status-publish","hentry"],"_links":{"self":[{"href":"https:\/\/graziskiugimnazija.lt\/index.php?rest_route=\/wp\/v2\/pages\/800","targetHints":{"allow":["GET"]}}],"collection":[{"href":"https:\/\/graziskiugimnazija.lt\/index.php?rest_route=\/wp\/v2\/pages"}],"about":[{"href":"https:\/\/graziskiugimnazija.lt\/index.php?rest_route=\/wp\/v2\/types\/page"}],"author":[{"embeddable":true,"href":"https:\/\/graziskiugimnazija.lt\/index.php?rest_route=\/wp\/v2\/users\/1"}],"replies":[{"embeddable":true,"href":"https:\/\/graziskiugimnazija.lt\/index.php?rest_route=%2Fwp%2Fv2%2Fcomments&post=800"}],"version-history":[{"count":50,"href":"https:\/\/graziskiugimnazija.lt\/index.php?rest_route=\/wp\/v2\/pages\/800\/revisions"}],"predecessor-version":[{"id":4045,"href":"https:\/\/graziskiugimnazija.lt\/index.php?rest_route=\/wp\/v2\/pages\/800\/revisions\/4045"}],"wp:attachment":[{"href":"https:\/\/graziskiugimnazija.lt\/index.php?rest_route=%2Fwp%2Fv2%2Fmedia&parent=800"}],"curies":[{"name":"wp","href":"https:\/\/api.w.org\/{rel}","templated":true}]}}