{"id":43,"date":"2023-10-24T11:42:28","date_gmt":"2023-10-24T09:42:28","guid":{"rendered":"https:\/\/graziskiugimnazija.lt\/?page_id=43"},"modified":"2025-07-14T10:06:36","modified_gmt":"2025-07-14T08:06:36","slug":"teisine-informacija","status":"publish","type":"page","link":"https:\/\/graziskiugimnazija.lt\/?page_id=43","title":{"rendered":"TEISIN\u0116 INFORMACIJA"},"content":{"rendered":"\n<p><strong>Gimnazija teis\u0117s akt\u0173 nerengia. Skelbiame nuorodas \u012f \u0160vietimo ir sporto ministerijos puslap\u012f:<\/strong><\/p>\n\n\n\n<hr class=\"wp-block-separator has-alpha-channel-opacity is-style-wide\"\/>\n\n\n\n<p><a href=\"https:\/\/smsm.lrv.lt\/lt\/teisine-informacija-1\/tarpzinybiniai-susitarimai-ir-tarptautiniai-tarpzinybiniai-susitarimai\" target=\"_blank\" rel=\"noreferrer noopener\">Tarptautiniai susitarimai<\/a><\/p>\n\n\n\n<p><a href=\"https:\/\/smsm.lrv.lt\/lt\/teisine-informacija-1\/teises-aktai-1\" target=\"_blank\" rel=\"noreferrer noopener\">Teis\u0117s aktai<\/a><\/p>\n\n\n\n<p><a href=\"https:\/\/smsm.lrv.lt\/lt\/teisine-informacija-1\/teises-aktu-projektai-2\" target=\"_blank\" rel=\"noreferrer noopener\">Teis\u0117s akt\u0173 projektai<\/a><\/p>\n\n\n\n<p><a href=\"https:\/\/smsm.lrv.lt\/lt\/teisine-informacija-1\/ti-tyrimai-ir-analizes\" target=\"_blank\" rel=\"noreferrer noopener\">Tyrimai ir analiz\u0117s<\/a><\/p>\n\n\n\n<p><a href=\"https:\/\/smsm.lrv.lt\/lt\/teisine-informacija-1\/teises-aktu-pazeidimai\" target=\"_blank\" rel=\"noreferrer noopener\">Teis\u0117s akt\u0173 pa\u017eeidimai<\/a><\/p>\n\n\n\n<p><a href=\"https:\/\/smsm.lrv.lt\/lt\/teisine-informacija-1\/teisine-reguliavimo-stebesena\" target=\"_blank\" rel=\"noreferrer noopener\">Teisin\u0117 reguliavimo steb\u0117sena<\/a><\/p>\n\n\n\n<hr class=\"wp-block-separator has-alpha-channel-opacity is-style-wide\"\/>\n\n\n\n<p class=\"has-small-font-size\"><em>Informacija atnaujinta: 202<\/em>5-06-26<\/p>\n","protected":false},"excerpt":{"rendered":"<p>Gimnazija teis\u0117s akt\u0173 nerengia. Skelbiame nuorodas \u012f \u0160vietimo ir sporto ministerijos puslap\u012f: Tarptautiniai susitarimai Teis\u0117s aktai Teis\u0117s akt\u0173 projektai Tyrimai ir analiz\u0117s Teis\u0117s akt\u0173 pa\u017eeidimai<a class=\"moretag\" href=\"https:\/\/graziskiugimnazija.lt\/?page_id=43\"> [&#8230;] Skaityti<\/a><\/p>\n","protected":false},"author":1,"featured_media":0,"parent":0,"menu_order":0,"comment_status":"closed","ping_status":"closed","template":"","meta":{"om_disable_all_campaigns":false,"_monsterinsights_skip_tracking":false,"_monsterinsights_sitenote_active":false,"_monsterinsights_sitenote_note":"","_monsterinsights_sitenote_category":0,"ngg_post_thumbnail":0,"footnotes":""},"class_list":["post-43","page","type-page","status-publish","hentry"],"_links":{"self":[{"href":"https:\/\/graziskiugimnazija.lt\/index.php?rest_route=\/wp\/v2\/pages\/43","targetHints":{"allow":["GET"]}}],"collection":[{"href":"https:\/\/graziskiugimnazija.lt\/index.php?rest_route=\/wp\/v2\/pages"}],"about":[{"href":"https:\/\/graziskiugimnazija.lt\/index.php?rest_route=\/wp\/v2\/types\/page"}],"author":[{"embeddable":true,"href":"https:\/\/graziskiugimnazija.lt\/index.php?rest_route=\/wp\/v2\/users\/1"}],"replies":[{"embeddable":true,"href":"https:\/\/graziskiugimnazija.lt\/index.php?rest_route=%2Fwp%2Fv2%2Fcomments&post=43"}],"version-history":[{"count":7,"href":"https:\/\/graziskiugimnazija.lt\/index.php?rest_route=\/wp\/v2\/pages\/43\/revisions"}],"predecessor-version":[{"id":2964,"href":"https:\/\/graziskiugimnazija.lt\/index.php?rest_route=\/wp\/v2\/pages\/43\/revisions\/2964"}],"wp:attachment":[{"href":"https:\/\/graziskiugimnazija.lt\/index.php?rest_route=%2Fwp%2Fv2%2Fmedia&parent=43"}],"curies":[{"name":"wp","href":"https:\/\/api.w.org\/{rel}","templated":true}]}}