{"id":329,"date":"2024-01-15T22:24:53","date_gmt":"2024-01-15T20:24:53","guid":{"rendered":"https:\/\/graziskiugimnazija.lt\/?page_id=329"},"modified":"2025-07-14T10:24:58","modified_gmt":"2025-07-14T08:24:58","slug":"atributika","status":"publish","type":"page","link":"https:\/\/graziskiugimnazija.lt\/?page_id=329","title":{"rendered":"ATRIBUTIKA"},"content":{"rendered":"<div class=\"wp-block-image\">\n<figure class=\"alignleft size-full is-resized\"><img loading=\"lazy\" decoding=\"async\" width=\"1506\" height=\"2560\" src=\"https:\/\/graziskiugimnazija.lt\/wp-content\/uploads\/2025\/05\/herbas-emblema-incscape-scaled.png\" alt=\"\" class=\"wp-image-2511\" style=\"width:144px;height:auto\" srcset=\"https:\/\/graziskiugimnazija.lt\/wp-content\/uploads\/2025\/05\/herbas-emblema-incscape-scaled.png 1506w, https:\/\/graziskiugimnazija.lt\/wp-content\/uploads\/2025\/05\/herbas-emblema-incscape-176x300.png 176w, https:\/\/graziskiugimnazija.lt\/wp-content\/uploads\/2025\/05\/herbas-emblema-incscape-602x1024.png 602w, https:\/\/graziskiugimnazija.lt\/wp-content\/uploads\/2025\/05\/herbas-emblema-incscape-768x1305.png 768w, https:\/\/graziskiugimnazija.lt\/wp-content\/uploads\/2025\/05\/herbas-emblema-incscape-904x1536.png 904w, https:\/\/graziskiugimnazija.lt\/wp-content\/uploads\/2025\/05\/herbas-emblema-incscape-1205x2048.png 1205w\" sizes=\"auto, (max-width: 1506px) 100vw, 1506px\" \/><\/figure>\n<\/div>\n\n\n<hr class=\"wp-block-separator has-alpha-channel-opacity\"\/>\n\n\n\n<h4 class=\"wp-block-heading\">MOKYKLOS EMBLEMA<\/h4>\n\n\n\n<p>Angelas su trimitu logotipo centre yra pasiuntinio, \u0161auklio gr\u012f\u017eti \u012f gimtin\u0119 simbolis. Jis yra serg\u0117tojas ir gyn\u0117jas. Bronzine angelo spalva siekta priartinti j\u012f prie greta mokyklos gra\u017ei\u0161kie\u010di\u0173 pastatyto paminklo. Logotipo k\u016br\u0117jai siek\u0117 \u0161iandien mokykloje besimokan\u010dius mokinius ir dirban\u010dius darbuotojus susieti su kra\u0161tie\u010diais, gyvenan\u010diais kitose vietose.<br>Atversta balta knyga simbolizuoja \u0161vietim\u0105.<\/p>\n\n\n\n<p>Geltona spalva logotipe siejama su saule, k\u016brybi\u0161kumu, laime, d\u017eiugesiu. \u0160i spalva atstovauja laisv\u0119 ir intelekt\u0105.<\/p>\n\n\n\n<p>\u017dalia spalva suteikia stabilumo, i\u0161tverm\u0117s ir ramyb\u0117s. Ji asocijuojasi su pavasariu, augimu, jaunatvi\u0161kumu.<\/p>\n\n\n\n<p>D\u0117kojame logotipo id\u0117jos autorei, 7a klas\u0117s mokinei RASAI VALAITYTEI (2009-2010 m.m.)<\/p>\n\n\n\n<hr class=\"wp-block-separator has-alpha-channel-opacity\"\/>\n\n\n\n<h4 class=\"wp-block-heading has-white-background-color has-background\">MOKYKLOS DAINA<\/h4>\n\n\n\n<p>\u017dod\u017eiai: J. Jankauskien\u0117s ir V. Br\u016bzgien\u0117s<br>Muzika: V. Brazauskien\u0117s<\/p>\n\n\n\n<p>O MANA MOKYKLA,<br>TU ESI \u017dVAIG\u017dD\u0116 STEBUKLINGA,<br>\u012e KELI\u0104 ILGESN\u012e \u0160AUKI,<br>\u012e DIEN\u0104 D\u017dIAUGSMING\u0104.<\/p>\n\n\n\n<p>I\u0160EINAM PAMOJ\u0118 RANKA,<br>TAV\u0118S NEAPVILTI,<br>SUGR\u012e\u017dTAM V\u0116L LAUKIAMI \u010cIA<br>TAU MEIL\u0116S DALINTI.<\/p>\n\n\n\n<p>Pried.:<br>PA\u0160\u0116LUSIAM LAIKO B\u0116GSME<br>KELIAI TAIP VINGIUOTI.<br>TIK KELIAS TIESUS \u012e TAVE<br>V\u0116L NORIS NORIS DAINUOTI.<\/p>\n\n\n\n<p>\u0160IRD\u017dIAI MIEL\u0104 GIRD\u017dIU<br>M\u016aS MOKYKLOS SKAMBUT\u012e!<br>KAIP GERA VISIEMS \u010cIA KARTU<br>IR V\u0116LEI GRA\u017dI\u0160KIUOS PAB\u016aTI.<\/p>\n\n\n\n<hr class=\"wp-block-separator has-alpha-channel-opacity is-style-wide\"\/>\n\n\n\n<p class=\"has-small-font-size\"><em>Informacija atnaujinta: 2024-01-15<\/em><\/p>\n","protected":false},"excerpt":{"rendered":"<p>MOKYKLOS EMBLEMA Angelas su trimitu logotipo centre yra pasiuntinio, \u0161auklio gr\u012f\u017eti \u012f gimtin\u0119 simbolis. Jis yra serg\u0117tojas ir gyn\u0117jas. Bronzine angelo spalva siekta priartinti j\u012f<a class=\"moretag\" href=\"https:\/\/graziskiugimnazija.lt\/?page_id=329\"> [&#8230;] Skaityti<\/a><\/p>\n","protected":false},"author":1,"featured_media":0,"parent":0,"menu_order":0,"comment_status":"closed","ping_status":"closed","template":"","meta":{"om_disable_all_campaigns":false,"_monsterinsights_skip_tracking":false,"_monsterinsights_sitenote_active":false,"_monsterinsights_sitenote_note":"","_monsterinsights_sitenote_category":0,"ngg_post_thumbnail":0,"footnotes":""},"class_list":["post-329","page","type-page","status-publish","hentry"],"_links":{"self":[{"href":"https:\/\/graziskiugimnazija.lt\/index.php?rest_route=\/wp\/v2\/pages\/329","targetHints":{"allow":["GET"]}}],"collection":[{"href":"https:\/\/graziskiugimnazija.lt\/index.php?rest_route=\/wp\/v2\/pages"}],"about":[{"href":"https:\/\/graziskiugimnazija.lt\/index.php?rest_route=\/wp\/v2\/types\/page"}],"author":[{"embeddable":true,"href":"https:\/\/graziskiugimnazija.lt\/index.php?rest_route=\/wp\/v2\/users\/1"}],"replies":[{"embeddable":true,"href":"https:\/\/graziskiugimnazija.lt\/index.php?rest_route=%2Fwp%2Fv2%2Fcomments&post=329"}],"version-history":[{"count":5,"href":"https:\/\/graziskiugimnazija.lt\/index.php?rest_route=\/wp\/v2\/pages\/329\/revisions"}],"predecessor-version":[{"id":2986,"href":"https:\/\/graziskiugimnazija.lt\/index.php?rest_route=\/wp\/v2\/pages\/329\/revisions\/2986"}],"wp:attachment":[{"href":"https:\/\/graziskiugimnazija.lt\/index.php?rest_route=%2Fwp%2Fv2%2Fmedia&parent=329"}],"curies":[{"name":"wp","href":"https:\/\/api.w.org\/{rel}","templated":true}]}}