{"id":2710,"date":"2025-06-26T21:16:46","date_gmt":"2025-06-26T19:16:46","guid":{"rendered":"https:\/\/graziskiugimnazija.lt\/?page_id=2710"},"modified":"2025-07-09T10:05:55","modified_gmt":"2025-07-09T08:05:55","slug":"gimnazijos-veikllos-sritys","status":"publish","type":"page","link":"https:\/\/graziskiugimnazija.lt\/?page_id=2710","title":{"rendered":"GIMNAZIJOS VEIKLOS SRITYS"},"content":{"rendered":"\n<p>Vilkavi\u0161kio r. Gra\u017ei\u0161ki\u0173 gimnazijos&nbsp;<strong>veiklos sritis \u2013&nbsp;\u0161vietimas, kodas 85.<\/strong><\/p>\n\n\n\n<p><strong>Gimnazijoje vykdomos \u0161ios programos:<\/strong>&nbsp;ikimokyklinis, prie\u0161mokyklinis, pradinis, pagrindinis&nbsp; ir vidurinis ugdymas.<\/p>\n\n\n\n<p><strong>Gimnazijos veiklos r\u016b\u0161ys:<\/strong><\/p>\n\n\n\n<p><strong>1. Pagrindin\u0117 \u0161vietimo veiklos r\u016b\u0161is:<\/strong><\/p>\n\n\n\n<p>1.1. vidurinis ugdymas, kodas 85.31.20;<\/p>\n\n\n\n<p><strong>2. Kitos \u0161vietimo veiklos r\u016b\u0161ys:<\/strong><\/p>\n\n\n\n<p>2.1. pagrindinis ugdymas, kodas 85.31.10;<br>2.2. pradinis ugdymas, kodas 85.20;<br>2.3. prie\u0161mokyklinio am\u017eiaus vaik\u0173 ugdymas, kodas 85.10.20;<br>2.4. ikimokyklinio am\u017eiaus vaik\u0173 ugdymas, kodas 85.10.10;<br>2.5. sportinis ir rekreacinis \u0161vietimas, kodas 85.51;<br>2.6. vaik\u0173 dienos prie\u017ei\u016bros veikla, kodas 88.91;<br>2.7. kult\u016brinis \u0161vietimas, kodas 85.52;<br>2.8. kitas, niekur nepriskirtas, \u0161vietimas, kodas 85.59;<br>2.9. \u0161vietimui b\u016bding\u0173 paslaug\u0173 veikla, kodas 85.60;<\/p>\n\n\n\n<p><strong>3. Kitos ne \u0161vietimo veiklos r\u016b\u0161ys:<\/strong><\/p>\n\n\n\n<p>3.1. poilsiautoj\u0173 ir kita trumpalaikio apgyvendinimo veikla, kodas 55.20;<br>3.2. vaik\u0173 poilsio stovykl\u0173 veikla, kodas 55.20.20;<br>3.3. kit\u0173 maitinimo paslaug\u0173 teikimas, kodas 56.29;<br>3.4. nekilnojamojo turto nuoma ir eksploatavimas, kodas 68.20;<br>3.5. automobili\u0173 ir lengv\u0173j\u0173 variklini\u0173 transporto priemoni\u0173 nuoma ir i\u0161perkamoji nuoma, kodas 77.11;<br>3.6. kita \u017emoni\u0173 sveikatos prie\u017ei\u016bros veikla, kodas 86.90;<br>3.7. Vaik\u0173 dienos prie\u017ei\u016bros veikla, kodas 88.91;<br>3.8. k\u016brybin\u0117, menin\u0117 ir pramog\u0173 organizavimo veikla, kodas 90.0;<br>3.9. bibliotek\u0173 ir archyv\u0173 veikla, kodas 91.01;<br>3.1. muziej\u0173 veikla, kodas 91.02;<br>3.11. kit\u0173 pramog\u0173 ir poilsio organizavimo veikla, kodas 93.29.<\/p>\n\n\n\n<p class=\"has-small-font-size\"><em>Atnaujinta: 2025-06-27<\/em><\/p>\n\n\n\n<p><\/p>\n","protected":false},"excerpt":{"rendered":"<p>Vilkavi\u0161kio r. Gra\u017ei\u0161ki\u0173 gimnazijos&nbsp;veiklos sritis \u2013&nbsp;\u0161vietimas, kodas 85. Gimnazijoje vykdomos \u0161ios programos:&nbsp;ikimokyklinis, prie\u0161mokyklinis, pradinis, pagrindinis&nbsp; ir vidurinis ugdymas. Gimnazijos veiklos r\u016b\u0161ys: 1. Pagrindin\u0117 \u0161vietimo veiklos<a class=\"moretag\" href=\"https:\/\/graziskiugimnazija.lt\/?page_id=2710\"> [&#8230;] Skaityti<\/a><\/p>\n","protected":false},"author":1,"featured_media":0,"parent":0,"menu_order":0,"comment_status":"closed","ping_status":"closed","template":"","meta":{"om_disable_all_campaigns":false,"_monsterinsights_skip_tracking":false,"_monsterinsights_sitenote_active":false,"_monsterinsights_sitenote_note":"","_monsterinsights_sitenote_category":0,"ngg_post_thumbnail":0,"footnotes":""},"class_list":["post-2710","page","type-page","status-publish","hentry"],"_links":{"self":[{"href":"https:\/\/graziskiugimnazija.lt\/index.php?rest_route=\/wp\/v2\/pages\/2710","targetHints":{"allow":["GET"]}}],"collection":[{"href":"https:\/\/graziskiugimnazija.lt\/index.php?rest_route=\/wp\/v2\/pages"}],"about":[{"href":"https:\/\/graziskiugimnazija.lt\/index.php?rest_route=\/wp\/v2\/types\/page"}],"author":[{"embeddable":true,"href":"https:\/\/graziskiugimnazija.lt\/index.php?rest_route=\/wp\/v2\/users\/1"}],"replies":[{"embeddable":true,"href":"https:\/\/graziskiugimnazija.lt\/index.php?rest_route=%2Fwp%2Fv2%2Fcomments&post=2710"}],"version-history":[{"count":4,"href":"https:\/\/graziskiugimnazija.lt\/index.php?rest_route=\/wp\/v2\/pages\/2710\/revisions"}],"predecessor-version":[{"id":2900,"href":"https:\/\/graziskiugimnazija.lt\/index.php?rest_route=\/wp\/v2\/pages\/2710\/revisions\/2900"}],"wp:attachment":[{"href":"https:\/\/graziskiugimnazija.lt\/index.php?rest_route=%2Fwp%2Fv2%2Fmedia&parent=2710"}],"curies":[{"name":"wp","href":"https:\/\/api.w.org\/{rel}","templated":true}]}}