{"id":197,"date":"2023-12-04T22:43:28","date_gmt":"2023-12-04T20:43:28","guid":{"rendered":"https:\/\/graziskiugimnazija.lt\/?page_id=197"},"modified":"2025-07-14T10:31:06","modified_gmt":"2025-07-14T08:31:06","slug":"biblioteka","status":"publish","type":"page","link":"https:\/\/graziskiugimnazija.lt\/?page_id=197","title":{"rendered":"BIBLIOTEKA"},"content":{"rendered":"\n<p>Gimnazijos biblioteka ir tylioji skaitykla \u2013 tai vieta, kurioje suteikiama galimyb\u0117 gilinti \u017einias, naudojantis sukauptu informaciniu \u2013 bibliografiniu fondu, internetine prieiga, technologij\u0173 inventoriumi, tai erdv\u0117 turiningam laisvalaikio praleidimui, \u012fsitraukiant \u012f bibliotekos organizuojam\u0105 ir skatinam\u0105 veikl\u0105.<\/p>\n\n\n\n<p><strong>Bibliotekos tikslas<\/strong><\/p>\n\n\n\n<p>Aktyviai dalyvauti gimnazijos veikloje ir modern\u0117jan\u010diame ugdymo procese, ugdant skaitymo kult\u016br\u0105 ir k\u016brybi\u0161kum\u0105.<\/p>\n\n\n\n<p><strong>U\u017edaviniai<\/strong><\/p>\n\n\n\n<p>1. Saugoti, kaupti, pildyti bibliotekos fond\u0105;<\/p>\n\n\n\n<p>2. Analizuoti turimus i\u0161teklius ir gimnazijos bendruomen\u0117s poreikius;<\/p>\n\n\n\n<p>3. Pri\u017ei\u016br\u0117ti, tvarkyti bibliotekos fond\u0105, atlikti inventorizacij\u0105 ir nura\u0161ym\u0105;<\/p>\n\n\n\n<p>4. Aptarnauti bibliotekos lankytojus, teikti informacij\u0105 ir pagalb\u0105;<\/p>\n\n\n\n<p>5. Organizuoti parodas, renginius, viktorinas, konkursus;<\/p>\n\n\n\n<p>6. Kelti bibliotekininko kvalifikacij\u0105;<\/p>\n\n\n\n<p>7. Dom\u0117tis naujienomis, susijusiomis su mokyklos biblioteka.<\/p>\n\n\n\n<p>8. Atlikti kitus organizacinius darbus.<\/p>\n\n\n\n<p><strong>Skaitytoj\u0173 registravimas&nbsp;&nbsp;&nbsp;&nbsp;&nbsp;&nbsp;&nbsp;<\/strong><\/p>\n\n\n\n<p>Norintys naudotis mokyklos bibliotekos paslaugomis, registruojasi bibliotekoje. U\u017epild\u0119s skaitytojo formuliar\u0105 skaitytojas pasira\u0161o jame, sutikdamas laikytis naudojimosi mokyklos biblioteka taisykli\u0173. Neaptarnaujami kit\u0173 mokykl\u0173&nbsp;moksleiviai, ne mokyklos bendruomen\u0117s nariai.<\/p>\n\n\n\n<p><strong>Leidini\u0173 paie\u0161ka<\/strong><\/p>\n\n\n\n<p>Skaitytojai patys pasirenka knygas i\u0161 atviro fondo. Informacija apie&nbsp; bibliotekoje turimus leidinius pateikiama ab\u0117c\u0117liniame&nbsp; kataloge.<\/p>\n\n\n\n<p><br><strong>&nbsp;\u012e namus nei\u0161duodami leidiniai:<\/strong><\/p>\n\n\n\n<ul class=\"wp-block-list\">\n<li>enciklopedijos, \u017einynai, \u017eodynai;<\/li>\n\n\n\n<li>retos, senos, ypa\u010d vertingos knygos;<\/li>\n\n\n\n<li>garsiniai, vaizdo ir kompiuteriniai dokumentai;<\/li>\n\n\n\n<li>didel\u0119 paklaus\u0105 turintys, vieninteliai leidiniai;<\/li>\n<\/ul>\n\n\n\n<p>\u0160ie leidiniai skaitomi bibliotekoje.<\/p>\n\n\n\n<p><strong>Paslaugos:<\/strong><\/p>\n\n\n\n<ul class=\"wp-block-list\">\n<li>skaitytojai gali naudotis bibliotekos fondais;<\/li>\n\n\n\n<li>dirbti kompiuteriais;<\/li>\n\n\n\n<li>naudotis internetu;<\/li>\n\n\n\n<li>naudotis kopijavimo aparatu, spausdintuvu.<\/li>\n<\/ul>\n\n\n\n<hr class=\"wp-block-separator has-alpha-channel-opacity is-style-wide\"\/>\n\n\n\n<p class=\"has-small-font-size\"><em>Informacija atnaujinta: 2025-06-26<\/em><\/p>\n","protected":false},"excerpt":{"rendered":"<p>Gimnazijos biblioteka ir tylioji skaitykla \u2013 tai vieta, kurioje suteikiama galimyb\u0117 gilinti \u017einias, naudojantis sukauptu informaciniu \u2013 bibliografiniu fondu, internetine prieiga, technologij\u0173 inventoriumi, tai erdv\u0117<a class=\"moretag\" href=\"https:\/\/graziskiugimnazija.lt\/?page_id=197\"> [&#8230;] Skaityti<\/a><\/p>\n","protected":false},"author":1,"featured_media":0,"parent":0,"menu_order":0,"comment_status":"closed","ping_status":"closed","template":"","meta":{"om_disable_all_campaigns":false,"_monsterinsights_skip_tracking":false,"_monsterinsights_sitenote_active":false,"_monsterinsights_sitenote_note":"","_monsterinsights_sitenote_category":0,"ngg_post_thumbnail":0,"footnotes":""},"class_list":["post-197","page","type-page","status-publish","hentry"],"_links":{"self":[{"href":"https:\/\/graziskiugimnazija.lt\/index.php?rest_route=\/wp\/v2\/pages\/197","targetHints":{"allow":["GET"]}}],"collection":[{"href":"https:\/\/graziskiugimnazija.lt\/index.php?rest_route=\/wp\/v2\/pages"}],"about":[{"href":"https:\/\/graziskiugimnazija.lt\/index.php?rest_route=\/wp\/v2\/types\/page"}],"author":[{"embeddable":true,"href":"https:\/\/graziskiugimnazija.lt\/index.php?rest_route=\/wp\/v2\/users\/1"}],"replies":[{"embeddable":true,"href":"https:\/\/graziskiugimnazija.lt\/index.php?rest_route=%2Fwp%2Fv2%2Fcomments&post=197"}],"version-history":[{"count":3,"href":"https:\/\/graziskiugimnazija.lt\/index.php?rest_route=\/wp\/v2\/pages\/197\/revisions"}],"predecessor-version":[{"id":2992,"href":"https:\/\/graziskiugimnazija.lt\/index.php?rest_route=\/wp\/v2\/pages\/197\/revisions\/2992"}],"wp:attachment":[{"href":"https:\/\/graziskiugimnazija.lt\/index.php?rest_route=%2Fwp%2Fv2%2Fmedia&parent=197"}],"curies":[{"name":"wp","href":"https:\/\/api.w.org\/{rel}","templated":true}]}}