{"id":169,"date":"2023-12-04T22:27:25","date_gmt":"2023-12-04T20:27:25","guid":{"rendered":"https:\/\/graziskiugimnazija.lt\/?page_id=169"},"modified":"2025-07-14T10:15:06","modified_gmt":"2025-07-14T08:15:06","slug":"viesieji-pirkimai","status":"publish","type":"page","link":"https:\/\/graziskiugimnazija.lt\/?page_id=169","title":{"rendered":"VIE\u0160IEJI PIRKIMAI"},"content":{"rendered":"\n<h2 class=\"wp-block-heading\">2025 metai<\/h2>\n\n\n\n<hr class=\"wp-block-separator has-alpha-channel-opacity is-style-wide\"\/>\n\n\n\n<p>Pirkim\u0173 planas pateiktas ir pasira\u0161ytas per VIPIS. \u017dodin\u0117s ir ra\u0161ytin\u0117s sutartys pateiktos&nbsp;<a href=\"https:\/\/eviesiejipirkimai.lt\/index.php?option=com_vptpublic&amp;task=sutartys&amp;Itemid=109&amp;filter_show=1&amp;filter_limit=10&amp;vpt_unite=&amp;filter_tender=&amp;filter_number=&amp;filter_proctype=&amp;filter_dok_id=&amp;filter_authority=&amp;filter_jarcode=190486624&amp;filter_purchaseCode=&amp;filter_cpv=&amp;filter_valuefrom=&amp;filter_valueto=&amp;filter_contractdate_from=2025-01-01&amp;filter_contractdate_to=2025-12-31&amp;filter_expirationdate_from=&amp;filter_expirationdate_to=&amp;filter_supplier=&amp;filter_supplier_jarcode=&amp;filter_agreement_type=\" target=\"_blank\" rel=\"noreferrer noopener\">\u010dia<\/a>.<\/p>\n\n\n\n<div class=\"wp-block-file\"><a id=\"wp-block-file--media-df9c3118-68d9-4f84-90e6-b1527b1c7f3d\" href=\"https:\/\/graziskiugimnazija.lt\/wp-content\/uploads\/2025\/06\/Vilkaviskio-r.-Graziskiu-gimnazijos-viesuju-pirkimu-organizavimo-ir-vidaus-kontroles-tvarkos-aprasas.pdf\" target=\"_blank\" rel=\"noreferrer noopener\">Vilkavi\u0161kio r. Gra\u017ei\u0161ki\u0173 gimnazijos vie\u0161\u0173j\u0173 pirkim\u0173 organizavimo ir vidaus kontrol\u0117s tvarkos apra\u0161as<\/a><\/div>\n\n\n\n<h2 class=\"wp-block-heading\">2024 metai<\/h2>\n\n\n\n<hr class=\"wp-block-separator has-alpha-channel-opacity is-style-wide\"\/>\n\n\n\n<p>Ma\u017eos vert\u0117s sutartys vie\u0161inamos kas ketvirt\u012f, ra\u0161ytin\u0117s sutartys vie\u0161inamos po sutarties pasira\u0161ymo. Jas galite rasti&nbsp;<a href=\"https:\/\/eviesiejipirkimai.lt\/index.php?option=com_vptpublic&amp;task=sutartys&amp;Itemid=109&amp;filter_jarcode=190486624&amp;new=true\" target=\"_blank\" rel=\"noreferrer noopener\">\u010dia<\/a>.<\/p>\n\n\n\n<h2 class=\"wp-block-heading\">2023 metai<\/h2>\n\n\n\n<hr class=\"wp-block-separator has-alpha-channel-opacity is-style-wide\"\/>\n\n\n\n<div class=\"wp-block-file\"><a id=\"wp-block-file--media-bd3580ef-2416-4683-bd5d-58079acff2e0\" href=\"https:\/\/graziskiugimnazija.lt\/wp-content\/uploads\/2024\/02\/Mazos-vertes-pirkimu-zurnalas-2023-m.pdf\" target=\"_blank\" rel=\"noreferrer noopener\">Ma\u017eos vert\u0117s pirkim\u0173 \u017eurnalas 2023 m.<\/a><\/div>\n\n\n\n<h2 class=\"wp-block-heading\">2022 metai<\/h2>\n\n\n\n<hr class=\"wp-block-separator has-alpha-channel-opacity is-style-wide\"\/>\n\n\n\n<div class=\"wp-block-file\"><a id=\"wp-block-file--media-17cf4ea6-0e8c-4ea2-b3b1-6118a3f6d57d\" href=\"https:\/\/graziskiugimnazija.lt\/wp-content\/uploads\/2024\/02\/VP_planas_2022.pdf\" target=\"_blank\" rel=\"noreferrer noopener\">Vie\u0161\u0173j\u0173 pirkim\u0173 planas 2022 m.<\/a><\/div>\n\n\n\n<div class=\"wp-block-file\"><a id=\"wp-block-file--media-66cfd7f0-c361-4ae8-8678-880130a006a7\" href=\"https:\/\/graziskiugimnazija.lt\/wp-content\/uploads\/2024\/02\/Viesuju-pirkimu-plano-papildymas-2022-05-17.pdf\" target=\"_blank\" rel=\"noreferrer noopener\">Vie\u0161\u0173j\u0173 pirkim\u0173 plano papildymas 2022-05-17<\/a><\/div>\n\n\n\n<div class=\"wp-block-file\"><a id=\"wp-block-file--media-39e5fceb-db72-4b20-9621-00e378c26b3c\" href=\"https:\/\/graziskiugimnazija.lt\/wp-content\/uploads\/2024\/02\/Viesuju-pirkimu-plano-papildymas-2022-05-26.pdf\" target=\"_blank\" rel=\"noreferrer noopener\">Vie\u0161\u0173j\u0173 pirkim\u0173 plano papildymas 2022-05-26<\/a><\/div>\n\n\n\n<h2 class=\"wp-block-heading\">2020 metai<\/h2>\n\n\n\n<hr class=\"wp-block-separator has-alpha-channel-opacity is-style-wide\"\/>\n\n\n\n<div class=\"wp-block-file\"><a id=\"wp-block-file--media-69ce6d1d-164a-4447-a011-929f243ad2bd\" href=\"https:\/\/graziskiugimnazija.lt\/wp-content\/uploads\/2024\/02\/MVVP-zurnalas-2020.pdf\" target=\"_blank\" rel=\"noreferrer noopener\">Ma\u017eos vert\u0117s pirkim\u0173 \u017eurnalas 2020 m.<\/a><\/div>\n\n\n\n<div class=\"wp-block-file\"><a id=\"wp-block-file--media-049b59b2-f619-45f7-92d9-805f494afb6c\" href=\"https:\/\/graziskiugimnazija.lt\/wp-content\/uploads\/2024\/02\/VP_planas_2020.pdf\" target=\"_blank\" rel=\"noreferrer noopener\">Vie\u0161\u0173j\u0173 pirkim\u0173 planas 2020 m.<\/a><\/div>\n\n\n\n<h2 class=\"wp-block-heading\">2019 metai<\/h2>\n\n\n\n<hr class=\"wp-block-separator has-alpha-channel-opacity is-style-wide\"\/>\n\n\n\n<div class=\"wp-block-file\"><a id=\"wp-block-file--media-b12f2122-862a-46db-953c-895d7d53a185\" href=\"https:\/\/graziskiugimnazija.lt\/wp-content\/uploads\/2024\/02\/MVVP-zurnalas-2019.pdf\" target=\"_blank\" rel=\"noreferrer noopener\">Ma\u017eos vert\u0117s pirkim\u0173 \u017eurnalas 2019 m.<\/a><\/div>\n\n\n\n<div class=\"wp-block-file\"><a id=\"wp-block-file--media-ed0b3319-210c-426d-8318-4a2763732886\" href=\"https:\/\/graziskiugimnazija.lt\/wp-content\/uploads\/2024\/02\/Viesuju-pirkimu-planas-2019-m.pdf\" target=\"_blank\" rel=\"noreferrer noopener\">Vie\u0161\u0173j\u0173 pirkim\u0173 planas 2019 m.<\/a><\/div>\n\n\n\n<h2 class=\"wp-block-heading\">2018 metai<\/h2>\n\n\n\n<hr class=\"wp-block-separator has-alpha-channel-opacity is-style-wide\"\/>\n\n\n\n<div class=\"wp-block-file\"><a id=\"wp-block-file--media-4b12ef80-0208-4b70-a9ce-2fd7d95cbd01\" href=\"https:\/\/graziskiugimnazija.lt\/wp-content\/uploads\/2024\/02\/VP_planas_2018.pdf\" target=\"_blank\" rel=\"noreferrer noopener\">Vie\u0161\u0173j\u0173 pirkim\u0173 planas 2018 m.<\/a><\/div>\n\n\n\n<div class=\"wp-block-file\"><a id=\"wp-block-file--media-98ec81ef-7fc0-40b4-b65e-534cd3ab6dfb\" href=\"https:\/\/graziskiugimnazija.lt\/wp-content\/uploads\/2024\/02\/VPT_2018.pdf\" target=\"_blank\" rel=\"noreferrer noopener\">Vie\u0161\u0173j\u0173 pirkim\u0173 tvarkos apra\u0161as 2018 m.<\/a><\/div>\n\n\n\n<h2 class=\"wp-block-heading\">2017 metai<\/h2>\n\n\n\n<hr class=\"wp-block-separator has-alpha-channel-opacity is-style-wide\"\/>\n\n\n\n<div class=\"wp-block-file\"><a id=\"wp-block-file--media-64b2a546-f9d9-4de2-bad5-6bcbe3c960a3\" href=\"https:\/\/graziskiugimnazija.lt\/wp-content\/uploads\/2024\/02\/VP_2017_IV.pdf\" target=\"_blank\" rel=\"noreferrer noopener\">Ma\u017eos vert\u0117s pirkim\u0173 \u017eurnalas 2017 m. IV ketvirtis<\/a><\/div>\n\n\n\n<div class=\"wp-block-file\"><a id=\"wp-block-file--media-f48078b1-ae01-4b00-baf6-22f953ea7b27\" href=\"https:\/\/graziskiugimnazija.lt\/wp-content\/uploads\/2024\/02\/VP_2017_III.pdf\" target=\"_blank\" rel=\"noreferrer noopener\">Ma\u017eos vert\u0117s pirkim\u0173 \u017eurnalas 2017 m. III ketvirtis<\/a><\/div>\n\n\n\n<div class=\"wp-block-file\"><a id=\"wp-block-file--media-da9f2d12-f000-4b0c-b2e1-a2bca043a84c\" href=\"https:\/\/graziskiugimnazija.lt\/wp-content\/uploads\/2024\/02\/VP_2017_II.pdf\" target=\"_blank\" rel=\"noreferrer noopener\">Ma\u017eos vert\u0117s pirkim\u0173 \u017eurnalas 2017 m. II ketvirtis<\/a><\/div>\n\n\n\n<div class=\"wp-block-file\"><a id=\"wp-block-file--media-c47b0418-0077-4b79-ae1d-663c5542d555\" href=\"https:\/\/graziskiugimnazija.lt\/wp-content\/uploads\/2024\/02\/VP_2017_I.pdf\" target=\"_blank\" rel=\"noreferrer noopener\">Ma\u017eos vert\u0117s pirkim\u0173 \u017eurnalas 2017 m. I ketvirtis<\/a><\/div>\n\n\n\n<hr class=\"wp-block-separator has-alpha-channel-opacity is-style-wide\"\/>\n\n\n\n<p class=\"has-small-font-size\"><em>Informacija atnaujinta: 2025-06-26<\/em><\/p>\n\n\n\n<p><\/p>\n","protected":false},"excerpt":{"rendered":"<p>2025 metai Pirkim\u0173 planas pateiktas ir pasira\u0161ytas per VIPIS. \u017dodin\u0117s ir ra\u0161ytin\u0117s sutartys pateiktos&nbsp;\u010dia. 2024 metai Ma\u017eos vert\u0117s sutartys vie\u0161inamos kas ketvirt\u012f, ra\u0161ytin\u0117s sutartys vie\u0161inamos<a class=\"moretag\" href=\"https:\/\/graziskiugimnazija.lt\/?page_id=169\"> [&#8230;] Skaityti<\/a><\/p>\n","protected":false},"author":1,"featured_media":0,"parent":0,"menu_order":0,"comment_status":"closed","ping_status":"closed","template":"","meta":{"om_disable_all_campaigns":false,"_monsterinsights_skip_tracking":false,"_monsterinsights_sitenote_active":false,"_monsterinsights_sitenote_note":"","_monsterinsights_sitenote_category":0,"ngg_post_thumbnail":0,"footnotes":""},"class_list":["post-169","page","type-page","status-publish","hentry"],"_links":{"self":[{"href":"https:\/\/graziskiugimnazija.lt\/index.php?rest_route=\/wp\/v2\/pages\/169","targetHints":{"allow":["GET"]}}],"collection":[{"href":"https:\/\/graziskiugimnazija.lt\/index.php?rest_route=\/wp\/v2\/pages"}],"about":[{"href":"https:\/\/graziskiugimnazija.lt\/index.php?rest_route=\/wp\/v2\/types\/page"}],"author":[{"embeddable":true,"href":"https:\/\/graziskiugimnazija.lt\/index.php?rest_route=\/wp\/v2\/users\/1"}],"replies":[{"embeddable":true,"href":"https:\/\/graziskiugimnazija.lt\/index.php?rest_route=%2Fwp%2Fv2%2Fcomments&post=169"}],"version-history":[{"count":10,"href":"https:\/\/graziskiugimnazija.lt\/index.php?rest_route=\/wp\/v2\/pages\/169\/revisions"}],"predecessor-version":[{"id":2973,"href":"https:\/\/graziskiugimnazija.lt\/index.php?rest_route=\/wp\/v2\/pages\/169\/revisions\/2973"}],"wp:attachment":[{"href":"https:\/\/graziskiugimnazija.lt\/index.php?rest_route=%2Fwp%2Fv2%2Fmedia&parent=169"}],"curies":[{"name":"wp","href":"https:\/\/api.w.org\/{rel}","templated":true}]}}