{"id":147,"date":"2023-12-04T22:18:14","date_gmt":"2023-12-04T20:18:14","guid":{"rendered":"https:\/\/graziskiugimnazija.lt\/?page_id=147"},"modified":"2025-07-14T10:38:15","modified_gmt":"2025-07-14T08:38:15","slug":"nuorodos","status":"publish","type":"page","link":"https:\/\/graziskiugimnazija.lt\/?page_id=147","title":{"rendered":"NUORODOS"},"content":{"rendered":"\n<p><a href=\"https:\/\/smsm.lrv.lt\/lt\/\">\u0160vietimo, mokslo ir sporto ministerija<\/a><\/p>\n\n\n\n<p><a href=\"https:\/\/vilkaviskis.lt\" data-type=\"link\" data-id=\"https:\/\/vilkaviskis.lt\">Vilkavi\u0161kio rajono savivaldyb\u0117<\/a><\/p>\n\n\n\n<hr class=\"wp-block-separator has-alpha-channel-opacity is-style-wide\"\/>\n\n\n\n<p class=\"has-small-font-size\"><em>Informacija atnaujinta: 2023-12-04<\/em><\/p>\n\n\n\n<p><\/p>\n","protected":false},"excerpt":{"rendered":"<p>\u0160vietimo, mokslo ir sporto ministerija Vilkavi\u0161kio rajono savivaldyb\u0117 Informacija atnaujinta: 2023-12-04<\/p>\n","protected":false},"author":1,"featured_media":0,"parent":0,"menu_order":0,"comment_status":"closed","ping_status":"closed","template":"","meta":{"om_disable_all_campaigns":false,"_monsterinsights_skip_tracking":false,"_monsterinsights_sitenote_active":false,"_monsterinsights_sitenote_note":"","_monsterinsights_sitenote_category":0,"ngg_post_thumbnail":0,"footnotes":""},"class_list":["post-147","page","type-page","status-publish","hentry"],"_links":{"self":[{"href":"https:\/\/graziskiugimnazija.lt\/index.php?rest_route=\/wp\/v2\/pages\/147","targetHints":{"allow":["GET"]}}],"collection":[{"href":"https:\/\/graziskiugimnazija.lt\/index.php?rest_route=\/wp\/v2\/pages"}],"about":[{"href":"https:\/\/graziskiugimnazija.lt\/index.php?rest_route=\/wp\/v2\/types\/page"}],"author":[{"embeddable":true,"href":"https:\/\/graziskiugimnazija.lt\/index.php?rest_route=\/wp\/v2\/users\/1"}],"replies":[{"embeddable":true,"href":"https:\/\/graziskiugimnazija.lt\/index.php?rest_route=%2Fwp%2Fv2%2Fcomments&post=147"}],"version-history":[{"count":5,"href":"https:\/\/graziskiugimnazija.lt\/index.php?rest_route=\/wp\/v2\/pages\/147\/revisions"}],"predecessor-version":[{"id":3000,"href":"https:\/\/graziskiugimnazija.lt\/index.php?rest_route=\/wp\/v2\/pages\/147\/revisions\/3000"}],"wp:attachment":[{"href":"https:\/\/graziskiugimnazija.lt\/index.php?rest_route=%2Fwp%2Fv2%2Fmedia&parent=147"}],"curies":[{"name":"wp","href":"https:\/\/api.w.org\/{rel}","templated":true}]}}