{"id":139,"date":"2023-12-04T22:15:59","date_gmt":"2023-12-04T20:15:59","guid":{"rendered":"https:\/\/graziskiugimnazija.lt\/?page_id=139"},"modified":"2025-07-14T10:21:47","modified_gmt":"2025-07-14T08:21:47","slug":"korupcijos-prevencija","status":"publish","type":"page","link":"https:\/\/graziskiugimnazija.lt\/?page_id=139","title":{"rendered":"KORUPCIJOS PREVENCIJA"},"content":{"rendered":"\n<p><strong>Prane\u0161imai priimami:<\/strong><br><em>\u201eKar\u0161t\u0105ja linija\u201c <\/em>vis\u0105 par\u0105 tel.: (8 5) 266 3333<br>El. pa\u0161tu pranesk@stt.lt<br>STT svetain\u0117je <a href=\"https:\/\/www.stt.lt\/pateikti-pranesima-apie-korupcija\/7425\" data-type=\"link\" data-id=\"https:\/\/www.stt.lt\/pateikti-pranesima-apie-korupcija\/7425\">Palikti prane\u0161im\u0105 svetain\u0117je<\/a><\/p>\n\n\n\n<hr class=\"wp-block-separator has-alpha-channel-opacity is-style-wide\"\/>\n\n\n\n<p><a href=\"https:\/\/vilkaviskis.lt\/administracija\/korupcijos-prevencija\/\" target=\"_blank\" rel=\"noreferrer noopener\">Korupcijos prevencija Vilkavi\u0161kio r. savivaldyb\u0117je<\/a><\/p>\n\n\n\n<hr class=\"wp-block-separator has-alpha-channel-opacity is-style-wide\"\/>\n\n\n\n<div class=\"wp-block-file\"><a id=\"wp-block-file--media-f26989c3-73fb-4f8e-b190-6383beba1c9b\" href=\"https:\/\/graziskiugimnazija.lt\/wp-content\/uploads\/2024\/01\/KUR-KREIPTIS-PASTEBEJUS-KORUPCIJOS-ATVEJUS.pdf\">Kur kreiptis pasteb\u0117jus korupcijos atvejus <\/a><\/div>\n\n\n\n<hr class=\"wp-block-separator has-alpha-channel-opacity is-style-wide\"\/>\n\n\n\n<h2 class=\"wp-block-heading\">Korupcijos prevencija 2024 metais Gra\u017ei\u0161ki\u0173 gimnazijoje<\/h2>\n\n\n\n<hr class=\"wp-block-separator has-alpha-channel-opacity is-style-wide\"\/>\n\n\n\n<div class=\"wp-block-file\"><a id=\"wp-block-file--media-360cacc7-4414-4937-aa8c-fb053c6bdf4e\" href=\"https:\/\/graziskiugimnazija.lt\/wp-content\/uploads\/2025\/01\/2024-Korupcijos-prevencijai-skirti-renginiai-Vilkaviskio-r.pdf\" target=\"_blank\" rel=\"noreferrer noopener\">Korupcijos prevencijai skirti renginiai 2024 metais<\/a><\/div>\n\n\n\n<div class=\"wp-block-file\"><a id=\"wp-block-file--media-d03719f7-7bae-42e4-8211-3ff5cee0e70b\" href=\"https:\/\/graziskiugimnazija.lt\/wp-content\/uploads\/2025\/01\/ISVADA-2024.pdf\" target=\"_blank\" rel=\"noreferrer noopener\">I\u0161vada d\u0117l korupcijos pasirei\u0161kimo tikimyb\u0117s 2024 metais<\/a><\/div>\n\n\n\n<hr class=\"wp-block-separator has-alpha-channel-opacity is-style-wide\"\/>\n\n\n\n<h2 class=\"wp-block-heading\">Korupcijos prevencija 2023 metais Gra\u017ei\u0161ki\u0173 gimnazijoje<\/h2>\n\n\n\n<hr class=\"wp-block-separator has-alpha-channel-opacity is-style-wide\"\/>\n\n\n\n<div class=\"wp-block-file\"><a id=\"wp-block-file--media-acdddf7e-c785-414f-b397-9fe80af4ab66\" href=\"https:\/\/graziskiugimnazija.lt\/wp-content\/uploads\/2024\/02\/Korupcijos-prevencijos-renginiai-2023.pdf\" target=\"_blank\" rel=\"noreferrer noopener\">Korupcijos prevencijos renginiai 2023 metais<\/a><\/div>\n\n\n\n<div class=\"wp-block-file\"><a id=\"wp-block-file--media-56508dd3-589e-427d-9d58-1c3ca490a513\" href=\"https:\/\/graziskiugimnazija.lt\/wp-content\/uploads\/2024\/02\/ISVADA-DEL-KORUPCIJOS-PASIREISKIMO-TIKIMYBES-2023.pdf\" target=\"_blank\" rel=\"noreferrer noopener\">I\u0161vada d\u0117l korupcijos pasirei\u0161kimo tikimyb\u0117s 2023 metais<\/a><\/div>\n\n\n\n<hr class=\"wp-block-separator has-alpha-channel-opacity is-style-wide\"\/>\n\n\n\n<p class=\"has-small-font-size\"><em>Informacija atnaujinta: 2025-06<\/em>-06<\/p>\n\n\n\n<p><\/p>\n","protected":false},"excerpt":{"rendered":"<p>Prane\u0161imai priimami:\u201eKar\u0161t\u0105ja linija\u201c vis\u0105 par\u0105 tel.: (8 5) 266 3333El. pa\u0161tu pranesk@stt.ltSTT svetain\u0117je Palikti prane\u0161im\u0105 svetain\u0117je Korupcijos prevencija Vilkavi\u0161kio r. savivaldyb\u0117je Korupcijos prevencija 2024 metais<a class=\"moretag\" href=\"https:\/\/graziskiugimnazija.lt\/?page_id=139\"> [&#8230;] Skaityti<\/a><\/p>\n","protected":false},"author":1,"featured_media":0,"parent":0,"menu_order":0,"comment_status":"closed","ping_status":"closed","template":"","meta":{"om_disable_all_campaigns":false,"_monsterinsights_skip_tracking":false,"_monsterinsights_sitenote_active":false,"_monsterinsights_sitenote_note":"","_monsterinsights_sitenote_category":0,"ngg_post_thumbnail":0,"footnotes":""},"class_list":["post-139","page","type-page","status-publish","hentry"],"_links":{"self":[{"href":"https:\/\/graziskiugimnazija.lt\/index.php?rest_route=\/wp\/v2\/pages\/139","targetHints":{"allow":["GET"]}}],"collection":[{"href":"https:\/\/graziskiugimnazija.lt\/index.php?rest_route=\/wp\/v2\/pages"}],"about":[{"href":"https:\/\/graziskiugimnazija.lt\/index.php?rest_route=\/wp\/v2\/types\/page"}],"author":[{"embeddable":true,"href":"https:\/\/graziskiugimnazija.lt\/index.php?rest_route=\/wp\/v2\/users\/1"}],"replies":[{"embeddable":true,"href":"https:\/\/graziskiugimnazija.lt\/index.php?rest_route=%2Fwp%2Fv2%2Fcomments&post=139"}],"version-history":[{"count":13,"href":"https:\/\/graziskiugimnazija.lt\/index.php?rest_route=\/wp\/v2\/pages\/139\/revisions"}],"predecessor-version":[{"id":2982,"href":"https:\/\/graziskiugimnazija.lt\/index.php?rest_route=\/wp\/v2\/pages\/139\/revisions\/2982"}],"wp:attachment":[{"href":"https:\/\/graziskiugimnazija.lt\/index.php?rest_route=%2Fwp%2Fv2%2Fmedia&parent=139"}],"curies":[{"name":"wp","href":"https:\/\/api.w.org\/{rel}","templated":true}]}}