{"id":133,"date":"2023-12-04T22:10:27","date_gmt":"2023-12-04T20:10:27","guid":{"rendered":"https:\/\/graziskiugimnazija.lt\/?page_id=133"},"modified":"2025-07-14T10:10:48","modified_gmt":"2025-07-14T08:10:48","slug":"planavimo-dokumentai","status":"publish","type":"page","link":"https:\/\/graziskiugimnazija.lt\/?page_id=133","title":{"rendered":"PLANAVIMO DOKUMENTAI"},"content":{"rendered":"\n<p>STRATEGINIS PLANAS<\/p>\n\n\n\n<p>VEIKLOS PLANAS<\/p>\n\n\n\n<p>UGDYMO PLANAI<\/p>\n\n\n\n<p>M\u0116NESIO VEIKLOS PLANAS<\/p>\n\n\n\n<p>TVARKARA\u0160\u010cIAI<\/p>\n\n\n\n<p class=\"has-small-font-size\"><em>Informacija atnaujinta: 2025-0<\/em>7-14<\/p>\n","protected":false},"excerpt":{"rendered":"<p>STRATEGINIS PLANAS VEIKLOS PLANAS UGDYMO PLANAI M\u0116NESIO VEIKLOS PLANAS TVARKARA\u0160\u010cIAI Informacija atnaujinta: 2025-07-14<\/p>\n","protected":false},"author":1,"featured_media":0,"parent":0,"menu_order":0,"comment_status":"closed","ping_status":"closed","template":"","meta":{"om_disable_all_campaigns":false,"_monsterinsights_skip_tracking":false,"_monsterinsights_sitenote_active":false,"_monsterinsights_sitenote_note":"","_monsterinsights_sitenote_category":0,"ngg_post_thumbnail":0,"footnotes":""},"class_list":["post-133","page","type-page","status-publish","hentry"],"_links":{"self":[{"href":"https:\/\/graziskiugimnazija.lt\/index.php?rest_route=\/wp\/v2\/pages\/133","targetHints":{"allow":["GET"]}}],"collection":[{"href":"https:\/\/graziskiugimnazija.lt\/index.php?rest_route=\/wp\/v2\/pages"}],"about":[{"href":"https:\/\/graziskiugimnazija.lt\/index.php?rest_route=\/wp\/v2\/types\/page"}],"author":[{"embeddable":true,"href":"https:\/\/graziskiugimnazija.lt\/index.php?rest_route=\/wp\/v2\/users\/1"}],"replies":[{"embeddable":true,"href":"https:\/\/graziskiugimnazija.lt\/index.php?rest_route=%2Fwp%2Fv2%2Fcomments&post=133"}],"version-history":[{"count":2,"href":"https:\/\/graziskiugimnazija.lt\/index.php?rest_route=\/wp\/v2\/pages\/133\/revisions"}],"predecessor-version":[{"id":2968,"href":"https:\/\/graziskiugimnazija.lt\/index.php?rest_route=\/wp\/v2\/pages\/133\/revisions\/2968"}],"wp:attachment":[{"href":"https:\/\/graziskiugimnazija.lt\/index.php?rest_route=%2Fwp%2Fv2%2Fmedia&parent=133"}],"curies":[{"name":"wp","href":"https:\/\/api.w.org\/{rel}","templated":true}]}}